z, 4*x = z + z + 12. Suppose 3*d - z*w = -24, 17 = -3*d + 3*w - 7. Determine i(d).
2
Let l(c) be the second derivative of -3/2*c**3 + 1/12*c**4 + 4*c**2 + c + 0. What is l(6)?
-10
Let h(f) = f - 4. Suppose 4*g + 7 = 31. Let a = -3 + g. Let y = 9 - a. What is h(y)?
2
Let w(m) = -m - 1 - 5 + 1 + 3. Let b = -30 + 32. Suppose 0 = -b*i + 11*i + 18. Give w(i).
0
Let m(x) = 22*x - 11*x**3 + 10*x**3 - 4 - 23*x + 6*x**2. What is m(6)?
-10
Suppose -5*h - 4*y - 29 - 93 = 0, 5*y - 51 = 3*h. Let l be ((-7)/(-2) - 2) + 165/h. Let b(o) = -o**2 - 8*o + 4. Calculate b(l).
16
Let m(r) = -137003*r + 136999*r + 9 - 3. Let j(f) = 3*f - 2. Let x be j(2). What is m(x)?
-10
Let w(f) = 3*f**3 + 4*f**2 + 2*f + 1. Let j(s) = -7*s**3 - 10*s**2 - 5*s - 2. Let g(q) = -4*j(q) - 9*w(q). Calculate g(-3).
2
Let d(p) = -p**2 - 8*p - 6. Let y be d(-7). Let i(b) = -b**3 - 14*b**2 + 3. Let u be i(-14). Let v(g) = 1 + g - 2*g - g - 13*g**u. Determine v(y).
-14
Let f(u) = 19*u - 17. Let w(t) = -8*t + 9. Let j(b) = 3*f(b) + 7*w(b). Determine j(-8).
4
Let r = 2 + 1. Let x(k) be the first derivative of -21*k**2/2 - 39*k - 13. Let d(j) = -6*j - 11. Let u(s) = 18*d(s) - 5*x(s). Calculate u(r).
-12
Let o(n) = -1 + 10 + 25*n**3 + 3*n - 9*n**3 + 5. Let k(y) = -5*y**3 - y - 5. Let x(j) = -11*k(j) - 4*o(j). Calculate x(-1).
9
Suppose a - 2 = 2*k, -3 = -5*k - 2*a - 26. Let i(f) = -f**3 + f**2 + 3*f + 4. Give i(k).
31
Let v(t) = 27 + t - 7*t - 18 - 1 - 5. Calculate v(6).
-33
Let a(r) be the third derivative of r**5/60 + r**4/3 - r**3/2 + 2*r**2 - 28. Calculate a(-11).
30
Let p(j) = j**2 + 11*j + 6. Suppose -69*a - 204 = -35*a. Calculate p(a).
-24
Suppose 0 = -4*h + 13*a - 9*a + 4, 5*h + 11 = a. Let t(q) = q**3 + q**2 - q + 3. Calculate t(h).
-12
Let z(x) be the second derivative of 1/6*x**3 + 11*x + 5*x**2 + 0. Give z(-6).
4
Let r(l) = l**3 - 9*l**2 + 10*l - 6. Suppose -3*n + 7 = 16, -21 = -z + 2*n. Let x = z - 7. What is r(x)?
10
Let u(y) = -y**2 - 14*y + 132. Let c be u(-20). Let q(a) = -a**3 + 12*a**2 + 2*a - 20. Determine q(c).
4
Let s(c) be the second derivative of c**5/60 - c**4/24 - c**3/3 + 3*c**2 - c. Let k(j) be the first derivative of s(j). What is k(2)?
0
Let s(n) = -n**2 - n. Suppose 0 = p + 9*x - 7*x - 5, -3*p - 5*x = -12. Give s(p).
0
Suppose 3*w = -0*w - 15. Let g be (62/10)/((-1)/w). Let t = 35 - g. Let o(f) = 2*f - 5. Give o(t).
3
Let y(q) = -32 + 92 + q - 30 - 32. Determine y(-3).
-5
Let v(z) be the first derivative of -5*z**2/2 + 4*z - 436. Calculate v(-4).
24
Suppose 2*h = 29*h - 2*h. Let q(w) = -w - 1. Let s(m) = 5*m. Let y(o) = -4*q(o) - s(o). Calculate y(h).
4
Let m = -738 + 754. Let q(p) = -p**2 + 16*p + 11. Determine q(m).
11
Let p be 45/6*(-6)/(-5). Suppose 0 = 3*c + 4*o + 7, 0 = -c + 2*o - 5*o - p. Let h(q) = q**3 - 4 - 8*q**2 + 2*q - 2*q**3 + 12*q**2. Determine h(c).
11
Let z(u) be the third derivative of -u**4/3 + 25*u**3/6 + u**2 + 2. Calculate z(5).
-15
Let g(s) be the second derivative of -s**4/12 + 2*s**3/3 - 2*s**2 + s + 24. What is g(4)?
-4
Let a(x) = 3*x + 289 - 579 + 303. Determine a(-5).
-2
Let j(l) = l**2 + 7*l + 5. Suppose -223 + 31 = -6*m. Suppose 2*i - 20 = -m. What is j(i)?
-1
Let h(b) = b**3 + 3*b**2 - b + 1. Let g be 1155/40 + (-165)/(-40) + -4. Let x = -10 - 21. Let q = g + x. Determine h(q).
7
Let g(b) = 8*b - 26*b + 3 + 6*b + 14*b. Suppose l = -3*a - 4, 3*a - 19 + 3 = -5*l. Give g(a).
-3
Let r(a) = -a**2 + 5*a + 8. Suppose -3*g + 9 = 3. Let z = -20 - -20. Suppose -4*l - 16 = z, l = 5*f - g*l - 42. Calculate r(f).
2
Let u(s) = s**2 + 7*s + 3. Suppose -9 = 4*p + 19. Let v be u(p). Let z be (v - 1)/(-2) + 7. Let m(r) = r - 1. Give m(z).
5
Let m = 7 - 3. Suppose 0 = -m*p + 6*p - 2. Let b(l) = -p + 6*l - l - l**2 - 2. Determine b(5).
-3
Let z(t) = -t + 9. Suppose -8*j + 7*j + 3 = 0. Let k = j - 3. Suppose 3*s = c + 5, k = 3*c - 0*c + 3*s - 21. Determine z(c).
5
Let l = -41 - -44. Suppose 2*b - 5*d - 6 = 0, l*b + 3*d - 15 + 48 = 0. Let w(h) = h**3 + 8*h**2 + 6*h - 6. Calculate w(b).
1
Let j(h) = 2*h - 6. Suppose -20 - 8 = -7*k. Let b be j(k). Let c(s) = s**2 - 5*s + 5. Let n be c(b). Let r(v) = 7*v**2. Determine r(n).
7
Let a(p) = p**2 + 10 - 3*p + 5 - 14*p + 3. Let j be a(16). Let m(o) = -4*o + 3. What is m(j)?
-5
Let y(s) be the second derivative of -s**3/2 - s**2 - 166*s - 2. What is y(-1)?
1
Suppose -b - 2 = -2*b. Let z be 0 + (-8)/3*12/(-16). Suppose -b = -z*l - 0. Let p(t) = t - 1. Give p(l).
0
Let d(p) = p**3 - 2*p**2 + 3. Let h be d(2). Let n be 1/3*(1 - (1 - h)). Let g(w) be the second derivative of -7*w**3/6 - w. Calculate g(n).
-7
Let p(g) = -30*g**3 - 7*g + 7. Let w(q) = -45*q**3 - 10*q + 10. Let b(k) = -7*p(k) + 5*w(k). What is b(1)?
-15
Let h(x) be the third derivative of -x**5/60 + 11*x**4/24 - x**3/2 - 258*x**2. Determine h(7).
25
Let p(g) = g + 2. Suppose 2*s + 24 - 12 = 0. Calculate p(s).
-4
Let b(f) = -f**3 + 2*f**2 + 4*f - 2. Let j(z) = -z**2 - 14*z - 22. Let w(t) = -4*t - 2. Let x be w(2). Let a be j(x). Let r = a + -15. Determine b(r).
1
Let m(d) = 2*d**2 + d - 4. Let h(g) be the second derivative of -g**4/12 - g**3/2 + g**2/2 - 8*g. Let r be h(-4). Let c be (3/5)/(r/(-15)). What is m(c)?
17
Suppose -29*k + 30*k + 3*u + 8 = 0, 0 = -2*k + 4*u + 34. Let c(y) = -6*y + 4. Calculate c(k).
-38
Let v(b) = 6*b + 1. Let o(x) = x**2 - x + 1. Let c be o(0). Let y be (c + (0 - 2))*1. Let j = y - 0. Give v(j).
-5
Let d = 159 + -154. Let r(j) = -j**2 + 4*j + 7. Give r(d).
2
Let i be (4 - 3)/(80/25 + -3). Let t(o) = 3*o**2 + 5*o + 10. Let u(x) = 4*x**2 + 5*x + 11. Let v(d) = -5*t(d) + 4*u(d). Give v(i).
-6
Let x(j) = j + 1. Let k be 1859/78 + (-1)/(-6). Let y = 37 - k. Let h = -16 + y. Give x(h).
-2
Let k(j) be the second derivative of -j**3/3 + j**2/2 - 19*j. Let x(q) = -10*q + 5. Let i(o) = 11*k(o) - 2*x(o). What is i(3)?
-5
Let b(g) = 2*g - 6. Let z(x) = 5*x**2 + 87*x - 47. Let n be z(-18). Determine b(n).
8
Let o be ((-8)/(-10))/((-15)/675). Let p = -41 - o. Let u(b) = b + 3. Calculate u(p).
-2
Let r(g) be the first derivative of -g**3/3 + 11*g**2 - 27*g - 759. What is r(20)?
13
Let l be (1 - (17 + -15)) + 2 + 0. Let w(x) = 20*x**2 + x - 1. What is w(l)?
20
Suppose 43 = 3*k + 4*h, -3*h + 23 = 5*k - 67. Let i(o) = -k + 15 + 9 - 2*o. What is i(-5)?
13
Let n(k) = 3*k. Let t(d) = 2*d. Let f be (-2 - 0)*(-6)/4. Let p(a) = f*n(a) - 5*t(a). Suppose -2*r = -0*r + 8. What is p(r)?
4
Let g = -38 + 65. Suppose 5*t = -4*f - 42, 4*f = -3*t + f - g. Let u(y) = 2*y - 2. Calculate u(t).
-14
Let f(m) = 6*m**3 - 18*m - 3 + 0*m**3 + 8 - 16*m**2 + 0 - 5*m**3. What is f(17)?
-12
Let g(z) = 5*z**2 - 21*z + 25. Let f(q) = 2*q**2 - 7*q + 9. Let b(a) = 8*f(a) - 3*g(a). Give b(-7).
-3
Let z(f) = 3*f + 13. Suppose -5*q - 90 = 13*q. Determine z(q).
-2
Let x(s) be the first derivative of s**5/60 + 5*s**4/24 + s**3/6 - 15*s**2 + 5. Let q(f) be the second derivative of x(f). Give q(-5).
1
Let i(x) = -x**3 + x - 2. Let p be 0 - -3 - 35/(-1). Let d = 40 - p. Determine i(d).
-8
Let h(m) = 5*m + 1 + 3 + 0 + 2 + m**2. Suppose -5*i = q + 29, -5*q + q + 2*i - 6 = 0. Calculate h(q).
2
Let g be (-4 + 7 + -4)*-5. Suppose -3*o - g*b = -3*b - 9, 0 = -3*o + 5*b + 9. Let r(w) be the first derivative of w**3/3 - w**2/2 - 4*w + 1. Give r(o).
2
Let o(y) = 3*y + 4. Let d be o(4). Let n = -11 + d. Suppose 0 = -4*a - 0*a - u - n, -u = -a. Let h(k) = 7*k**2 - k. What is h(a)?
8
Let w(s) = 3*s + 33. Let u(n) = n - 19. Let a(i) = 2*u(i) + w(i). Give a(4).
15
Suppose 2*u - 4*g - 9 = -11, g - 28 = -5*u. Let k = 1 + 1. Let t(a) = 0*a**3 + a**3 - 6*a**k + 7*a + 4 - 2. Determine t(u).
12
Let x(h) = -h - h + h - 5 - h + h. Calculate x(-7).
2
Let f(b) be the second derivative of 0 + 1/6*b**3 + 1/2*b**2 - 2*b. Determine f(4).
5
Let m(c) = 5*c**3 + 7*c**2 - 10*c + 6. Let s(a) = -12*a**3 - 15*a**2 + 22*a - 14. Let q(u) = -5*m(u) - 2*s(u). Let r be (-9 + 1)*3/4. Calculate q(r).
-2
Let h(q) = -q**3 + 5*q**2 + 7*q - 9. Let i = 547 + -541. Give h(i).
-3
Let r(a) = 3*a - 5. Let l = 30 - 4. Let s = l + -22. Calculate r(s).
7
Let i(j) = 2*j**3 - j**2 + 4*j + 5. Let v(f) = -4*f**3 + 4*f**2 - 9*f - 11. Let q(n) = 5*i(n) + 2*v(n). What is q(-3)?
-30
Let a(f) = -60 + 14*f**2 - f + 0*f + 60. Determine a(-1).
15
Let l(v) be the third derivative of 0 + 0*v + v**2 - 1/60*v**5 - 1/4*v**4 + 0*v**3. Let n be 87/(-12)